-l**2 - 6*l + 6. Let v be s(z). Let h = -1 - v. List the prime factors of h.
3
Let c(v) = -v**2 + v - 6. Let t be c(-3). Let j = t + 36. What are the prime factors of j?
2, 3
Suppose -3*s = -2*a + 12, 0 = a + s + 3*s + 5. Suppose 4*z = 4*y - 20, -2*y = z + 5 - a. Let x = 7 + y. What are the prime factors of x?
2
Suppose n + 5*x = -0*n + 17, -2*n = -2*x - 10. Let h(z) = -z + 6. Let d be h(3). Let i = d + n. What are the prime factors of i?
2, 5
Suppose 78 = 5*y - 1627. What are the prime factors of y?
11, 31
Let o be (-16)/20*(-100)/8. Suppose 4*n - 2*n + 2 = 3*u, -o = -u + 3*n. What are the prime factors of (1 - u - 4)*-5?
5
Let j = -565 + 1629. List the prime factors of j.
2, 7, 19
Let s be (-3 - 0)*(200/(-15))/1. What are the prime factors of (1 + -9)/((-10)/s)?
2
Suppose 2*r = -10, 0*j + 2*r - 230 = -2*j. List the prime factors of j.
2, 3, 5
Suppose 1491 - 151 = 10*d. What are the prime factors of d?
2, 67
Let y = -637 + 935. What are the prime factors of y?
2, 149
Let s = 1 + 5. Suppose s = 2*k - 0*k. Suppose n + 48 = 3*j - 3*n, 3*j = -k*n + 69. What are the prime factors of j?
2, 5
Let d = 5 + -2. Let l(t) = t**2 + 9*t + 2. Let w be l(-9). Suppose 0 = 5*n - d*h - 127, 2*n - 5*h = w + 64. List the prime factors of n.
23
What are the prime factors of (1/(-3))/((30/(-28908))/5)?
2, 11, 73
Suppose p = -0*h - 3*h + 921, -5*h = -3*p + 2721. What are the prime factors of p?
2, 3, 19
Let l = -1 + 6. Let x = -3 + l. Suppose 3*d = 3*p - 102, -2*p - d + 58 = x. List the prime factors of p.
2, 3, 5
Suppose -g - 5*k = -1179 - 960, -2*g - 2*k = -4246. List the prime factors of g.
13, 163
Suppose 0 = i - 2*w - 95, 5*i + 3*w = w + 535. Suppose -i = -4*o + 279. What are the prime factors of o?
2, 3
Let b(m) = 6*m + 8. Let w(j) = -j. Let y(c) = -b(c) + 4*w(c). List the prime factors of y(-4).
2
Let s = -92 + 86. What are the prime factors of -12*(23/(-9))/((-1)/s)?
2, 23
Let c(x) = 65*x + 1. Let k be c(-5). Let g be ((-10)/15)/(4/k). Suppose 32 = 2*w - 3*t, g = 5*w - 3*t + 2*t. List the prime factors of w.
2, 5
What are the prime factors of (-984)/(-16)*(-18)/(-9)?
3, 41
Let b(d) = 587*d - 285. What are the prime factors of b(7)?
2, 239
Suppose -5*m + 3*i + 15 = 0, -i + 4 + 5 = 3*m. Suppose m*j + 138 = 5*j. List the prime factors of j.
3, 23
Let v = 141 + -46. List the prime factors of v.
5, 19
Suppose -29*k - 2648 = -30*k + 3*j, 7904 = 3*k - j. What are the prime factors of k?
2633
Let l = -20 + 28. Suppose 9*x - 33 = l*x. What are the prime factors of x?
3, 11
Let q be 6846/56 + ((-3)/(-4))/(-3). Let w = q - 64. What are the prime factors of w?
2, 29
Let d = 2269 - -3536. What are the prime factors of d?
3, 5, 43
Suppose -w + 4 - 11 = 4*q, 23 = w - 2*q. Suppose w*h + 728 = 17*h. What are the prime factors of h?
2, 7, 13
Suppose -2 = -3*l - 2*q, 2*l - 2*q = l + 14. Suppose 0 = 3*z + 9*w - l*w - 210, -z - 2*w = -71. List the prime factors of z.
5, 13
Let s(g) = -g**3 - 2*g**2 + 2*g + 2. Let d be s(2). Suppose 4*h + 45 = 3*w + h, 15 = w + 5*h. Let o = w + d. What are the prime factors of o?
5
Suppose 22*o - 2016 = 14*o. List the prime factors of o.
2, 3, 7
Let n = 1380 - -603. What are the prime factors of n?
3, 661
Let j be (1 + (3 - 17))*-2. Let z = -10 + j. Suppose -4*c - q = -0*q - z, 0 = q + 4. List the prime factors of c.
5
Let k = -35 + 78. Suppose k = 5*l + 8. Suppose -3*y = -l*y, 0 = o - 2*y - 15. List the prime factors of o.
3, 5
Let v = -60 + 9. Let j = 125 + v. List the prime factors of j.
2, 37
Let z be ((-3)/4)/(16/1152). Let f = z + 7. List the prime factors of ((-9)/3 - f) + 0.
2, 11
Suppose -22858 = -4*u - 1514. What are the prime factors of 4/(-14) - u/(-56)?
5, 19
Suppose 3 = -3*d, z + z = -4*d + 10. Suppose 8*v = z*v + 112. What are the prime factors of v/5 + (-4)/10?
2, 11
Let s = 69 - 103. Let a be -4*(s + (3 - 1)). Suppose -2*b + a = 2*b. What are the prime factors of b?
2
Let u = -28 - -39. Suppose c + 5*h = 2*c - u, 5*c - 3*h - 77 = 0. Let s = c - 1. List the prime factors of s.
3, 5
Suppose -3*c + 2*c = -3*h - 23, -3*c - h = -19. Suppose -t + c = 3*t. List the prime factors of 152/5 + t/(-5).
2, 3, 5
List the prime factors of (6001/(-34))/(1/(-10)).
5, 353
What are the prime factors of (-1*(-4 + 5))/((-1)/183)?
3, 61
Let x(n) = -n**3 - 2*n**2 + 22*n - 21. List the prime factors of x(-10).
13, 43
Suppose -3*a + n - 129 = -n, 0 = 3*a + 2*n + 117. Let s = a + 60. What are the prime factors of s?
19
Suppose -a - 5 = 2. Let h(i) = 1. Let d(j) = 2*j**2 + 11*j + 14. Let t(m) = d(m) + 2*h(m). What are the prime factors of t(a)?
37
Suppose 6*d + 4*j = 3*d + 4971, 3*d = 4*j + 4995. What are the prime factors of d?
11, 151
Suppose 3*r = 0, 3*g - 2*r = -2*g + 2680. What are the prime factors of g?
2, 67
Let z = 806 + -394. List the prime factors of z.
2, 103
List the prime factors of (-15)/((7952/1124)/(-7) + 1).
5, 281
Suppose -x - 6687 = -5*x + o, -5*x + 4*o + 8345 = 0. List the prime factors of x.
7, 239
Let c = 524 - 139. What are the prime factors of c?
5, 7, 11
Suppose 0 = -36*a + 184863 - 66567. List the prime factors of a.
2, 31, 53
Let b be 15*(6/(-9) + 52/15). Suppose -b = 8*h - 442. List the prime factors of h.
2, 5
Let f = 256 - 142. Let x = -42 + f. What are the prime factors of x?
2, 3
Suppose 14*z - 11*z = -9, -5*r + 4*z = -15817. List the prime factors of r.
29, 109
Suppose 4*w - 193 - 23 = 0. Let q(m) = 11 - 55*m**2 + m + 1 + w*m**2. List the prime factors of q(0).
2, 3
Let u = -38 - -211. Suppose -7*x - u + 894 = 0. List the prime factors of x.
103
Let i be 2*(3 + (-2)/4). Suppose -i*z - 4*o = -57, o + 33 = 3*z + 4*o. What are the prime factors of z?
13
Let b be 4/((-24)/(-30)) - (1 - -1). Suppose b*k + 5*r + 11 = 10*r, 5*r = -5*k + 35. List the prime factors of k.
3
Suppose 5*q - 36 = 4*q. Suppose n - 4*g + q = 3*n, 69 = 3*n + 3*g. Let d = 56 - n. List the prime factors of d.
2, 7
Suppose j + 5 = -g, -j - 4*g + 13 = 33. Suppose j*c - 3*y - 19 = -2*c, c - 15 = -4*y. Suppose -c*x + 8*x = -111. What are the prime factors of x?
37
Let r = -190 - -384. What are the prime factors of r?
2, 97
Let t = -20 - -106. Suppose -l + t = 5*w - 4*w, 3*l + 4*w - 261 = 0. List the prime factors of l.
83
Let o(f) = f**2 + 22*f + 45. Let b be o(-20). Suppose 76 = x - b*u, 6*x + 3*u = x + 520. List the prime factors of x.
101
Let h = 124 - -91. What are the prime factors of h?
5, 43
Let u be 3/((-27)/6) - 22/(-6). Suppose -690 = -u*v - 7*v. What are the prime factors of v?
3, 23
Let h be (-360)/(-14)*42/4. Suppose 6*j - 3*j + h = 0. Let y = -60 - j. List the prime factors of y.
2, 3, 5
Let g be 671/8 - (-1)/8. Suppose g = a + 6*a. List the prime factors of a.
2, 3
Let k(h) = -15*h**3 - 12*h**2 - 12*h - 1. Let f be k(-7). List the prime factors of (-4)/((-644)/f - 1/(-8)).
2, 5, 29
Let r(l) = -73*l - 48. What are the prime factors of r(-4)?
2, 61
Let c = 57 - 51. Let y(r) = -r**3 + 9*r**2 + r - 13. What are the prime factors of y(c)?
101
Let y = 529 + -313. What are the prime factors of y?
2, 3
Suppose -4*y + 8632 = -4*f, -5*f = -y - 2*f + 2160. List the prime factors of y.
3, 719
Let p(y) = y**2 + 4*y - 3. Let k be p(-5). Suppose -180 = -k*d - 0*l - 2*l, d - 90 = -5*l. What are the prime factors of d?
2, 3, 5
List the prime factors of 1453/(9*(-6)/(-54)).
1453
Suppose 0 = -6*u - 4 - 8. List the prime factors of 636/(-8)*4/u.
3, 53
Let z = -9 + -2. Let a = 17 + z. Suppose -3*l = -a*l + 117. List the prime factors of l.
3, 13
Let n(u) = u**3 - 16*u**2 - 41*u + 26. List the prime factors of n(21).
2, 5, 137
Let d(u) = 31*u - 304. What are the prime factors of d(36)?
2, 7, 29
Let f(o) be the third derivative of o**6/180 - o**5/120 + o**4/12 + 11*o**3/6 + o**2. Let v(x) be the first derivative of f(x). List the prime factors of v(-2).
2, 3
Let n(x) = 30*x**2 + 15*x - 25. List the prime factors of n(4).
5, 103
Let h = 21 + -18. Suppose k = -h*j + 22, 2*j - 3*j + 10 = k. Let b = 37 - j. List the prime factors of b.
31
Let d(w) = w + 13 + 29 - 3*w - 4. What are the prime factors of d(6)?
2, 13
Let n = 1958 + -430. What are the prime factors of n?
2, 191
List the prime factors of ((-2)/(-3) - 0)*(20 + 67).
2, 29
Suppose 5*j + 28 = 63. Suppose -2*w = 8, -3*w + 88 = -3*a - a. Let f = j - a. List the prime factors of f.
2
Suppose 0 = -2*q - 5*t + 333, q